 594*m**2 - 81973*m - 4. Give z(138).
-142
Let a(m) = -m**3 - 34*m**2 - 24*m + 131. What is a(-33)?
-166
Let s(w) = 7*w**2 - 2760*w - 7571. What is s(397)?
-28
Let q(o) = 3*o**3 + 5*o**2 - 43*o - 85. Calculate q(-4).
-25
Let l(q) = 22056*q + 573457. Determine l(-26).
1
Let h(m) = 3*m**2 - 547*m + 2736. What is h(6)?
-438
Let d(q) = 4*q**3 + 181*q**2 - 2458*q - 63. Determine d(11).
124
Let d(y) = -3*y**2 + 919*y - 13364. Give d(291).
22
Let u(d) = -418*d**2 - 87365*d - 386. Determine u(-209).
241
Let j(u) = 309*u - 7169. Calculate j(24).
247
Let a(p) = 20029*p - 220089. Determine a(11).
230
Let r(d) = 79*d**2 - 366*d + 11. Calculate r(5).
156
Let j(s) = 4*s**3 + 39*s**2 + 37*s + 94. Determine j(-9).
4
Let y(b) = 547*b - 4254. What is y(7)?
-425
Let d(u) = -268*u + 4710. Give d(19).
-382
Let w(m) = -m**2 + 4829*m + 1675061. Determine w(-325).
11
Let g(i) = -17*i**2 + 43730*i - 174894. Determine g(4).
-246
Let z(c) = -11*c - 1432. Determine z(-94).
-398
Let s(c) = -c**2 - 1379*c + 236034. Determine s(154).
-48
Let o(a) = 2*a**3 + 17*a**2 - 4179*a - 37547. Give o(-9).
-17
Let m(y) = -2*y**2 - 24610*y + 123094. Give m(5).
-6
Let m(d) = 2*d**3 + 43*d**2 + 21*d - 2015. Give m(-10).
75
Let i(j) = 6*j**2 + 396435*j - 396436. Give i(1).
5
Let p(t) = t**3 + 41*t**2 - 862*t - 1181. Calculate p(-56).
51
Let a(c) = 40*c**2 - 1768*c + 2071. What is a(43)?
7
Let d(f) = -1516*f**2 + 1082431*f - 4999. Give d(714).
-1
Let x(p) = -196*p + 15968. Give x(84).
-496
Let z(v) = 3*v**3 + 18*v**2 - 157*v - 691. Give z(-9).
-7
Let b(n) = n**2 - 49*n - 7078. Give b(-63).
-22
Let b(x) = -x**3 - 236*x**2 + 1697*x - 1073. What is b(-243)?
-101
Let f(p) = -p**3 - 29*p**2 + 31*p + 854. Calculate f(-16).
-2970
Let n(v) = -112827*v - 7559410. Calculate n(-67).
-1
Let t(w) = 10*w**3 + w**2 + 132*w + 1470. What is t(-9)?
-6927
Let h(v) = 3*v**2 - 310*v + 5564. Calculate h(23).
21
Let v(b) = 37*b - 11020. What is v(298)?
6
Let z(w) = -2*w**3 - 37*w**2 - 141*w + 108. Determine z(-15).
648
Let h(j) = 7*j**3 + 196*j**2 - 418*j + 51. Calculate h(-30).
-9
Let z(p) = -6*p**3 + 200*p**2 - 89*p + 342. What is z(33)?
-417
Let f(i) = 12*i**2 - 9829*i - 39370. What is f(-4)?
138
Let a(j) = 2*j**3 + 52*j**2 - 291*j - 101. Give a(5).
-6
Let u(t) = t**3 + 213*t**2 + 7181*t + 14. Give u(-42).
56
Let o(u) = 999*u**2 - 16981*u - 24. Calculate o(17).
10
Let k(n) = -4*n**3 - 75*n**2 - 160*n + 193. Determine k(-16).
-63
Let m(i) = 3356*i - 10067. Determine m(3).
1
Let r(q) = 3*q**2 + 198596*q + 1. Calculate r(0).
1
Let j(w) = -3*w**3 + 486*w**2 - 1430*w - 222. Calculate j(159).
-63
Let l(w) = -1375241*w - 5500961. Determine l(-4).
3
Let j(q) = -6813*q - 20248. Calculate j(-3).
191
Let l(q) = 6*q**3 - 104*q**2 - 1326*q - 661. Determine l(26).
15
Let k(t) = 4969*t + 144089. Give k(-29).
-12
Let p(b) = 16846*b + 252694. Give p(-15).
4
Let t(q) = -1387*q**2 + 122058*q - 169. Calculate t(88).
7
Let i(t) = -50*t**2 + 1332*t - 2052. Give i(25).
-2
Let z(x) = 683*x**2 - 28014*x + 469. Give z(41).
18
Let r(j) = 3*j**3 - 8*j**2 - 14*j - 66. Give r(-5).
-571
Let p(n) = 8*n**3 - 119*n**2 + 39*n - 842. Give p(15).
-32
Let j(v) = -138*v + 22292. Determine j(165).
-478
Let g(t) = 8*t**2 - 164*t - 1680. Determine g(-10).
760
Let u(m) = -2*m**2 + 875*m - 10147. Calculate u(12).
65
Let q(w) = 331*w + 11076. Determine q(-33).
153
Let n(q) = -672*q + 454270. Determine n(676).
-2
Let x(k) = -994*k + 23852. Determine x(24).
-4
Let m(i) = -1101*i - 99699. Calculate m(-90).
-609
Let w(r) = 3362*r - 223739. What is w(66)?
-1847
Let l(y) = -19*y**2 + 54*y - 9. What is l(1)?
26
Let u(i) = i**3 + 52*i**2 - 16*i - 1350. What is u(-51)?
2067
Let l(r) = -r**3 - 64*r**2 - 442*r - 1588. What is l(-56)?
-1924
Let l(o) = -9672*o**3 + 48358*o**2 - 6*o + 68. Give l(5).
-12
Let i(c) = -1797*c - 499557. Determine i(-278).
9
Let k(q) = -289*q**2 + 21346*q + 2956. Calculate k(74).
-4
Let q(j) = -363*j**2 - 1801*j - 2144. Give q(-2).
6
Let b(m) = -11*m**2 - 1477*m - 4301. Calculate b(-3).
31
Let n(x) = -100*x**2 - 4280*x + 1588. Calculate n(-43).
728
Let d(c) = -332812*c + 6. What is d(0)?
6
Let o(v) = -v**3 - 81*v**2 + 110*v + 5421. Calculate o(-82).
3125
Let k(s) = 2727*s + 14929. Give k(-5).
1294
Let j(q) = -2600*q - 23153. Calculate j(-9).
247
Let p(o) = -o**3 + 35*o**2 - 289*o + 65. Give p(17).
354
Let r(u) = -3672*u + 272128. What is r(74)?
400
Let k(d) = 2604*d + 734317. What is k(-282)?
-11
Let b(x) = -28*x**2 + 3036*x - 73048. Give b(36).
-40
Let x(i) = 898*i - 35534. Calculate x(39).
-512
Let r(k) = -67*k**2 + 180*k + 33369. Give r(-21).
42
Let n(l) = 3*l**2 + 110*l + 199. Give n(-35).
24
Let u(v) = -17*v + 765. What is u(54)?
-153
Let j(z) = z**3 + 25*z**2 - 121*z - 2086. Give j(-18).
2360
Let u(j) = 2*j**3 - 170*j**2 + 1879*j - 478. What is u(72)?
26
Let g(l) = -l**2 + 6718*l + 40332. Give g(-6).
-12
Let u(d) = -4*d**3 + 124*d**2 + 2767*d - 444. What is u(46)?
-122
Let a(q) = 65*q**2 - 1906*q + 5603. Determine a(26).
-13
Let g(p) = 588255*p - 2353020. Determine g(4).
0
Let i(u) = 6*u**2 - 34*u + 38. Determine i(4).
-2
Let j(q) = 4*q**2 - 65*q - 675. Calculate j(-15).
1200
Let w(g) = -13675*g + 232387. Calculate w(17).
-88
Let n(m) = -225369*m + 70089760. Determine n(311).
1
Let t(g) = g**3 + 555*g**2 - 990*g + 69053. Determine t(-557).
-15
Let r(u) = 69596*u + 1531090. Give r(-22).
-22
Let j(l) = 3*l**2 + 1521*l - 196996. What is j(107)?
98
Let w(p) = -p**3 + 75*p**2 + 218*p - 317. Give w(78).
-1565
Let b(s) = -48*s**3 - 26*s**2 - 29*s - 3. Give b(-1).
48
Let n(o) = o**3 + 26*o**2 + 38*o + 61. What is n(-13)?
1764
Let l(r) = r**3 + 9*r**2 + 5124*r + 61883. Calculate l(-12).
-37
Let g(z) = -z**3 - 64*z**2 - 5*z - 100. Determine g(-64).
220
Let a(r) = 3*r**3 + 96*r**2 - 257*r - 3. What is a(3)?
171
Let t(z) = -5990*z - 29950. What is t(-5)?
0
Let s(x) = -77*x**2 - 3180*x + 3182. Give s(1).
-75
Let c(u) = -15*u**2 - 308*u + 21. Calculate c(-24).
-1227
Let o(z) = 96*z**2 + 246*z - 495. Calculate o(2).
381
Let a(f) = f**3 - 36*f**2 - 207*f + 103. What is a(42)?
1993
Let f(s) = -341*s - 22684. Give f(-65).
-519
Let t(v) = -3349*v - 43942. Give t(-13).
-405
Let v(c) = -c**3 - 41*c**2 - 287*c + 40. Determine v(-24).
-2864
Let v(p) = 306355*p - 1531768. Calculate v(5).
7
Let l(u) = -2*u**2 - 2245*u - 92843. Determine l(-43).
-6
Let t(g) = g**3 - 10*g**2 + 64*g - 253. What is t(4)?
-93
Let s(t) = 45455*t - 227255. Determine s(5).
20
Let f(m) = 36*m**2 + 63*m + 234. Determine f(-4).
558
Let v(c) = -47*c - 272. Give v(-10).
198
Let r(l) = -61*l**3 + 366*l**2 - 42*l + 259. Calculate r(6).
7
Let v(x) = -3*x**3 - 23*x**2 + 96*x - 78. Determine v(3).
-78
Let t(k) = 683*k**2 + 26631*k - 134. What is t(-39)?
100
Let m(z) = 20*z - 2882. Calculate m(93).
-1022
Let a(u) = 161*u**2 + 1037*u + 2. Determine a(-4).
-1570
Let d(j) = -2*j**2 + 7610*j - 15222. Determine d(2).
-10
Let x(q) = -10*q**2 - 42680*q - 170563. Determine x(-4).
-3
Let p(n) = -n**3 - 10*n**2 + 44563*n + 222984. Determine p(-5).
44
Let p(u) = u**2 + 172*u - 648. Determine p(-159).
-2715
Let r(z) = 2*z**3 + 539*z**2 + 803*z - 64. What is r(-268)?
204
Let u(y) = -68*y**2 + 181703*y + 181702. What is u(-1)?
-69
Let f(u) = 37*u**3 - 68*u**2 - 45*u - 47. Calculate f(-1).
-107
Let q(i) = 14*i**2 + 14487*i - 32149. What is q(-1037)?
-2
Let m(q) = -2*q**3 + 1478*q**2 + 109*q - 80543. What is m(739)?
8
Let u(s) = 5767*s - 69228. Give u(12).
-24
Let t(m) = 3693*m + 214256. Calculate t(-58).
62
Let n(d) = -46*d - 1058. Give n(-7).
-736
Let w(s) = -754*s + 85191. What is w(113)?
-11
Let b(z) = -z**3 - 13*z**2 + 11221*z + 112534. What is b(-10)?
24
Let w(f) = f**3 + 219*f**2 + 1613*f - 15826. What is w(-211)?
-1
Let v(g) = -228*g**2 + 33746*g + 377. What is v(148)?
673
Let m(s) = -8*s**2 - 180*s - 391. Give m(-23).
-483
Let i(u) = 6144*u + 104406. Calculate i(-17).
-42
Let k(c) = -2033*c**3 - 9*c**2 - 15*c - 8. Give k(-1).
2031
Let y(q) = -459*q + 11060. What is y(24)?
44
Let c(r) = -14*r**2 - 556*r - 5121. Give c(-12).
-465
Let l(u) = 2*u**3 + 195*u**2 - 298*u - 98. Determine l(-99).
1
Let y(j) = j**3 - 118*j**2 + 3218*j - 556. What is y(75)?
-1081
Let m(a) = 673387*a + 6060474. Determine m(-9).
-9
Let f(m) = 5*m**3 + 29*m**2 + 188*m - 31. Calculate f(-8).
-2239
Let c(p) = 80*p**2 - 2904*p + 